{"id":1242,"date":"2017-02-19T00:47:52","date_gmt":"2017-02-18T23:47:52","guid":{"rendered":"http:\/\/chrs.cieq.ca\/?page_id=1242"},"modified":"2017-05-03T14:37:09","modified_gmt":"2017-05-03T18:37:09","slug":"de-lexperience-individuelle-au-phenomene-global","status":"publish","type":"page","link":"https:\/\/chrs-test.uqam.ca\/index.php\/recherche\/realisations\/projets-de-recherche-termines\/de-lexperience-individuelle-au-phenomene-global\/","title":{"rendered":"De l\u2019exp\u00e9rience individuelle au ph\u00e9nom\u00e8ne global : configuration et r\u00e9ponse sociale \u00e0 l\u2019itin\u00e9rance"},"content":{"rendered":"<p>&nbsp;<\/p>\n<h4>Organisme(s) subventionnaire(s)<\/h4>\n<p>Conseil qu\u00e9b\u00e9cois de la recherche sociale (CQRS)<br \/>\nFQRSC &#8211; Soutien aux \u00e9quipes<\/p>\n<h4>Ann\u00e9es<\/h4>\n<p>1999-2005<\/p>\n<h4>Chercheur(s) CHRS<\/h4>\n<div class=\"su-row\"><div class=\"su-column su-column-size-1-3\"><div class=\"su-column-inner su-u-clearfix su-u-trim\">\n<a href=\"\/index.php\/a-propos\/equipe\/membres-reguliers\/jean-marie-fecteau\/\" target=\"_blank\">Jean-Marie Fecteau\u2020<\/a><br \/>\n<\/div><\/div>\n<div class=\"su-column su-column-size-1-3\"><div class=\"su-column-inner su-u-clearfix su-u-trim\">\n<a href=\"\/index.php\/a-propos\/equipe\/membres-reguliers\/jean-trepanier\/\" target=\"_blank\">Jean Tr\u00e9panier<\/a><br \/>\n<\/div><\/div>\n<div class=\"su-column su-column-size-1-3\"><div class=\"su-column-inner su-u-clearfix su-u-trim\"><\/div><\/div>\n<\/div>\n<h4>Autre(s) chercheur(s)<\/h4>\n<div class=\"su-row\"><div class=\"su-column su-column-size-1-3\"><div class=\"su-column-inner su-u-clearfix su-u-trim\">\nShirley Roy<br \/>\nRoch Hurtubise<br \/>\nMarie-Carmen Plante Cousineau<br \/>\n<\/div><\/div>\n<div class=\"su-column su-column-size-1-3\"><div class=\"su-column-inner su-u-clearfix su-u-trim\">\nR. Dufour<br \/>\nSuzanne Laberge<br \/>\nYves Lecomte<br \/>\n<\/div><\/div>\n<div class=\"su-column su-column-size-1-3\"><div class=\"su-column-inner su-u-clearfix su-u-trim\"><\/div><\/div>\nMichel Parazelli Landreville<br \/>\nMario Poirier<br \/>\nJacob Amnon Suissa Perreault<br \/>\n<\/div>\n","protected":false},"excerpt":{"rendered":"<p>&nbsp; Organisme(s) subventionnaire(s) Conseil qu\u00e9b\u00e9cois de la recherche sociale (CQRS) FQRSC &#8211; Soutien aux \u00e9quipes Ann\u00e9es 1999-2005 Chercheur(s) CHRS Autre(s) chercheur(s)<\/p>\n","protected":false},"author":2,"featured_media":0,"parent":52,"menu_order":0,"comment_status":"closed","ping_status":"closed","template":"","meta":{"_monsterinsights_skip_tracking":false,"_monsterinsights_sitenote_active":false,"_monsterinsights_sitenote_note":"","_monsterinsights_sitenote_category":0,"footnotes":""},"class_list":["post-1242","page","type-page","status-publish","hentry"],"_links":{"self":[{"href":"https:\/\/chrs-test.uqam.ca\/index.php\/wp-json\/wp\/v2\/pages\/1242","targetHints":{"allow":["GET"]}}],"collection":[{"href":"https:\/\/chrs-test.uqam.ca\/index.php\/wp-json\/wp\/v2\/pages"}],"about":[{"href":"https:\/\/chrs-test.uqam.ca\/index.php\/wp-json\/wp\/v2\/types\/page"}],"author":[{"embeddable":true,"href":"https:\/\/chrs-test.uqam.ca\/index.php\/wp-json\/wp\/v2\/users\/2"}],"replies":[{"embeddable":true,"href":"https:\/\/chrs-test.uqam.ca\/index.php\/wp-json\/wp\/v2\/comments?post=1242"}],"version-history":[{"count":0,"href":"https:\/\/chrs-test.uqam.ca\/index.php\/wp-json\/wp\/v2\/pages\/1242\/revisions"}],"up":[{"embeddable":true,"href":"https:\/\/chrs-test.uqam.ca\/index.php\/wp-json\/wp\/v2\/pages\/52"}],"wp:attachment":[{"href":"https:\/\/chrs-test.uqam.ca\/index.php\/wp-json\/wp\/v2\/media?parent=1242"}],"curies":[{"name":"wp","href":"https:\/\/api.w.org\/{rel}","templated":true}]}}

De l’expérience individuelle au phénomène global : configuration et réponse sociale à l’itinérance

<p>&nbsp;</p>
<h4>Organisme(s) subventionnaire(s)</h4>
<p>Conseil québécois de la recherche sociale (CQRS)<br />
FQRSC &#8211; Soutien aux équipes</p>
<h4>Années</h4>
<p>1999-2005</p>
<h4>Chercheur(s) CHRS</h4>
<div class="su-row"><div class="su-column su-column-size-1-3"><div class="su-column-inner su-u-clearfix su-u-trim">
<a href="/index.php/a-propos/equipe/membres-reguliers/jean-marie-fecteau/" target="_blank">Jean-Marie Fecteau†</a><br />
</div></div>
<div class="su-column su-column-size-1-3"><div class="su-column-inner su-u-clearfix su-u-trim">
<a href="/index.php/a-propos/equipe/membres-reguliers/jean-trepanier/" target="_blank">Jean Trépanier</a><br />
</div></div>
<div class="su-column su-column-size-1-3"><div class="su-column-inner su-u-clearfix su-u-trim"></div></div>
</div>
<h4>Autre(s) chercheur(s)</h4>
<div class="su-row"><div class="su-column su-column-size-1-3"><div class="su-column-inner su-u-clearfix su-u-trim">
Shirley Roy<br />
Roch Hurtubise<br />
Marie-Carmen Plante Cousineau<br />
</div></div>
<div class="su-column su-column-size-1-3"><div class="su-column-inner su-u-clearfix su-u-trim">
R. Dufour<br />
Suzanne Laberge<br />
Yves Lecomte<br />
</div></div>
<div class="su-column su-column-size-1-3"><div class="su-column-inner su-u-clearfix su-u-trim"></div></div>
Michel Parazelli Landreville<br />
Mario Poirier<br />
Jacob Amnon Suissa Perreault<br />
</div>

<p>&nbsp; Organisme(s) subventionnaire(s) Conseil québécois de la recherche sociale (CQRS) FQRSC &#8211; Soutien aux équipes Années 1999-2005 Chercheur(s) CHRS Autre(s) chercheur(s)</p>
