{"id":2970,"date":"2017-10-11T16:09:16","date_gmt":"2017-10-11T20:09:16","guid":{"rendered":"https:\/\/chrs.dev.uqam.ca\/?page_id=2970"},"modified":"2022-04-20T09:05:51","modified_gmt":"2022-04-20T13:05:51","slug":"ollivier-hubert","status":"publish","type":"page","link":"https:\/\/chrs-test.uqam.ca\/index.php\/a-propos\/equipe\/membres-reguliers\/ollivier-hubert\/","title":{"rendered":"Ollivier Hubert"},"content":{"rendered":"<p class=\"p1\"><div class=\"su-row\"><div class=\"su-column su-column-size-1-5\"><div class=\"su-column-inner su-u-clearfix su-u-trim\"><img loading=\"lazy\" decoding=\"async\" class=\"alignleft size-full wp-image-8713\" src=\"https:\/\/chrs-test.uqam.ca\/wp-content\/uploads\/2021\/02\/ollivier_hubert_2lumineux-moyen-2-2.jpg\" alt=\"\" width=\"893\" height=\"1280\" srcset=\"https:\/\/chrs-test.uqam.ca\/wp-content\/uploads\/2021\/02\/ollivier_hubert_2lumineux-moyen-2-2.jpg 893w, https:\/\/chrs-test.uqam.ca\/wp-content\/uploads\/2021\/02\/ollivier_hubert_2lumineux-moyen-2-2-209x300.jpg 209w, https:\/\/chrs-test.uqam.ca\/wp-content\/uploads\/2021\/02\/ollivier_hubert_2lumineux-moyen-2-2-768x1101.jpg 768w, https:\/\/chrs-test.uqam.ca\/wp-content\/uploads\/2021\/02\/ollivier_hubert_2lumineux-moyen-2-2-714x1024.jpg 714w\" sizes=\"auto, (max-width: 893px) 100vw, 893px\" \/><\/p>\n<p class=\"p1\"><\/div><\/div>\n<p class=\"p1\"><div class=\"su-column su-column-size-4-5\"><div class=\"su-column-inner su-u-clearfix su-u-trim\"> 2017 &#8211; Actuel<\/p>\n<p><strong>Professeur titulaire, Universit\u00e9 de Montr\u00e9al<br \/>\nD\u00e9partement d&rsquo;histoire<\/strong><\/div><\/div><\/div>\n<p>Ollivier Hubert est professeur titulaire au d\u00e9partement d\u2019histoire de l\u2019Universit\u00e9 de\u00a0Montr\u00e9al. Il est sp\u00e9cialis\u00e9 en histoire culturelle du Qu\u00e9bec. Au\u00a0cours des 25 derni\u00e8res ann\u00e9es, il a publi\u00e9 des recherches en histoire\u00a0religieuse et en histoire de l\u2019\u00e9ducation.\u00a0Son livre,\u00a0<i>Sur la terre comme au Ciel. La gestion des rites par l\u2019\u00c9glise\u00a0catholique du Qu\u00e9bec<\/i>\u00a0a remport\u00e9 le prix\u00a0Lionel-Groulx. Il\u00a0travaille\u00a0\u00e0 pr\u00e9sent sur la violence au 18e\u00a0si\u00e8cle. Il conduit aussi, avec\u00a0Catherine Larochelle, un projet sur le colonialisme\u00a0d\u2019occupation au Canada\u00a0fran\u00e7ais au 19e\u00a0si\u00e8cle.<\/p>\n<p><strong><a href=\"https:\/\/chrs-test.uqam.ca\/index.php\/recherche\/realisations\/publications\/?tgid=&amp;yr=&amp;type=&amp;usr=&amp;auth=294#tppubs\" target=\"_blank\" rel=\"noopener\">Liste des publications<\/a><\/strong><\/p>\n<div class=\"su-spoiler su-spoiler-style-default su-spoiler-icon-chevron su-spoiler-closed\" data-scroll-offset=\"0\" data-anchor-in-url=\"no\"><div class=\"su-spoiler-title\" tabindex=\"0\" role=\"button\"><span class=\"su-spoiler-icon\"><\/span>Coordonn\u00e9es<\/div><div class=\"su-spoiler-content su-u-clearfix su-u-trim\">\n<strong>Adresse :<\/strong><br \/>\nUniversit\u00e9 de Montr\u00e9al<br \/>\nPavillon Lionel-Groulx<br \/>\n3150 Rue Jean-Brillant, Montr\u00e9al<br \/>\nBureau C-6112<\/p>\n<p><strong>T\u00e9l\u00e9phone : <\/strong><br \/>\n514-343-6111 #27127<\/p>\n<p><strong>Courriel : <\/strong><br \/>\nollivier.hubert@umontreal.ca<\/div><\/div>\n<div class=\"su-spoiler su-spoiler-style-default su-spoiler-icon-chevron su-spoiler-closed\" data-scroll-offset=\"0\" data-anchor-in-url=\"no\"><div class=\"su-spoiler-title\" tabindex=\"0\" role=\"button\"><span class=\"su-spoiler-icon\"><\/span>Liens<\/div><div class=\"su-spoiler-content su-u-clearfix su-u-trim\">\n<a href=\"https:\/\/histoire.umontreal.ca\/repertoire-departement\/professeurs\/professeur\/in\/in14373\/sg\/Ollivier%20Hubert\/\" target=\"_blank\" rel=\"noopener\">Page personnelle d&rsquo;Ollivier Hubert sur le site du d\u00e9partement d&rsquo;histoire de l&rsquo;Universit\u00e9 de Montr\u00e9al<\/a><br \/>\n<a href=\"https:\/\/drive.google.com\/file\/d\/0B-4Bdjh7IOutcmVfUWE4SnFXNlFlUk5PVnFTS1hwX3hPTkhr\/view?usp=sharing\">CV d&rsquo;Ollivier Hubert<\/a><br \/>\n<\/div><\/div>\n<div class=\"su-spoiler su-spoiler-style-default su-spoiler-icon-chevron su-spoiler-closed\" data-scroll-offset=\"0\" data-anchor-in-url=\"no\"><div class=\"su-spoiler-title\" tabindex=\"0\" role=\"button\"><span class=\"su-spoiler-icon\"><\/span>Projets de recherche<\/div><div class=\"su-spoiler-content su-u-clearfix su-u-trim\">\n<ul>\n<li><a href=\"https:\/\/chrs-test.uqam.ca\/index.php\/culture-colonialiste-euro-quebecoise-et-missions-catholiques-dans-louest-canadien-la-propagande-missionnaire-des-oblats-de-marie-immaculee-au-quebec-1841-1890\/\">Culture colonialiste euro-qu\u00e9b\u00e9coise et missions catholiques dans l\u2019Ouest canadien : la propagande missionnaire des Oblats de Marie-Immacul\u00e9e au Qu\u00e9bec (1841-1890)<\/a><\/li>\n<\/ul>\n<\/div><\/div>\n<div class=\"su-spoiler su-spoiler-style-default su-spoiler-icon-chevron su-spoiler-closed\" data-scroll-offset=\"0\" data-anchor-in-url=\"no\"><div class=\"su-spoiler-title\" tabindex=\"0\" role=\"button\"><span class=\"su-spoiler-icon\"><\/span>Bourses, prix et distinctions<\/div><div class=\"su-spoiler-content su-u-clearfix su-u-trim\">\n<ul>\n<li>Prix des Fondateurs de l\u2019Association canadienne d\u2019histoire de l\u2019\u00e9ducation 2010<\/li>\n<li>Prix Lionel-Groulx \u2014 Fondation Yves-Saint-Germain (IHAF) 2001<\/div><\/div><\/li>\n<\/ul>\n<div class=\"su-spoiler su-spoiler-style-default su-spoiler-icon-chevron\" data-scroll-offset=\"0\" data-anchor-in-url=\"no\"><div class=\"su-spoiler-title\" tabindex=\"0\" role=\"button\"><span class=\"su-spoiler-icon\"><\/span>Nouvelles<\/div><div class=\"su-spoiler-content su-u-clearfix su-u-trim\">\n[chrs-related]\n<\/div><\/div>\n","protected":false},"excerpt":{"rendered":"<p>Ollivier Hubert est professeur titulaire au d\u00e9partement d\u2019histoire de l\u2019Universit\u00e9 de\u00a0Montr\u00e9al. Il est sp\u00e9cialis\u00e9 en histoire culturelle du Qu\u00e9bec. Au\u00a0cours des 25 derni\u00e8res ann\u00e9es, il a publi\u00e9 des recherches en&#8230;<\/p>\n","protected":false},"author":2,"featured_media":0,"parent":65,"menu_order":0,"comment_status":"closed","ping_status":"closed","template":"","meta":{"_monsterinsights_skip_tracking":false,"_monsterinsights_sitenote_active":false,"_monsterinsights_sitenote_note":"","_monsterinsights_sitenote_category":0,"footnotes":""},"class_list":["post-2970","page","type-page","status-publish","hentry"],"_links":{"self":[{"href":"https:\/\/chrs-test.uqam.ca\/index.php\/wp-json\/wp\/v2\/pages\/2970","targetHints":{"allow":["GET"]}}],"collection":[{"href":"https:\/\/chrs-test.uqam.ca\/index.php\/wp-json\/wp\/v2\/pages"}],"about":[{"href":"https:\/\/chrs-test.uqam.ca\/index.php\/wp-json\/wp\/v2\/types\/page"}],"author":[{"embeddable":true,"href":"https:\/\/chrs-test.uqam.ca\/index.php\/wp-json\/wp\/v2\/users\/2"}],"replies":[{"embeddable":true,"href":"https:\/\/chrs-test.uqam.ca\/index.php\/wp-json\/wp\/v2\/comments?post=2970"}],"version-history":[{"count":0,"href":"https:\/\/chrs-test.uqam.ca\/index.php\/wp-json\/wp\/v2\/pages\/2970\/revisions"}],"up":[{"embeddable":true,"href":"https:\/\/chrs-test.uqam.ca\/index.php\/wp-json\/wp\/v2\/pages\/65"}],"wp:attachment":[{"href":"https:\/\/chrs-test.uqam.ca\/index.php\/wp-json\/wp\/v2\/media?parent=2970"}],"curies":[{"name":"wp","href":"https:\/\/api.w.org\/{rel}","templated":true}]}}