{"id":689,"date":"2017-02-04T22:34:33","date_gmt":"2017-02-04T21:34:33","guid":{"rendered":"http:\/\/chrs.cieq.ca\/?page_id=689"},"modified":"2021-05-10T14:43:19","modified_gmt":"2021-05-10T18:43:19","slug":"amelie-grenier","status":"publish","type":"page","link":"https:\/\/chrs-test.uqam.ca\/index.php\/a-propos\/equipe\/membres-etudiants\/amelie-grenier\/","title":{"rendered":"Am\u00e9lie Grenier"},"content":{"rendered":"<div class=\"su-row\"><div class=\"su-column su-column-size-1-5\"><div class=\"su-column-inner su-u-clearfix su-u-trim\"><img loading=\"lazy\" decoding=\"async\" class=\"alignleft size-thumbnail wp-image-700\" src=\"https:\/\/chrs-test.uqam.ca\/wp-content\/uploads\/2017\/11\/Amelie_Grenier-1.jpg\" alt=\"\" width=\"150\" height=\"150\" \/><\/div><\/div>\n<div class=\"su-column su-column-size-4-5\"><div class=\"su-column-inner su-u-clearfix su-u-trim\">\n<strong>Universit\u00e9 Laval<br \/>\nD\u00e9partement des sciences historiques<\/strong><\/div><\/div><\/div>\n<p>Am\u00e9lie Grenier est candidate au doctorat en histoire \u00e0 l&rsquo;Universit\u00e9 Laval. Elle a compl\u00e9t\u00e9 sa ma\u00eetrise en histoire socio-juridique \u00e0 l\u2019Universit\u00e9 du Qu\u00e9bec \u00e0 Montr\u00e9al en 2019. Dans le cadre des ses \u00e9tudes sup\u00e9rieures, elle articule ses recherches autour du concept des r\u00e9gulations sociales et porte une attention particuli\u00e8re \u00e0 la r\u00e9gulation de la criminalit\u00e9 au Qu\u00e9bec durant le XXe si\u00e8cle. Elle s\u2019int\u00e9resse principalement aux mesures mises en place au d\u00e9but des ann\u00e9es 1920 pour r\u00e9guler les usagers des drogues non-m\u00e9dicales \u00e0 Montr\u00e9al durant cette p\u00e9riode.<\/p>\n<p>Titre du m\u00e9moire :<em> \u00ab L\u2019opium du peuple \u00bb\u00a0: la r\u00e9gulation des consommateurs et des trafiquants de drogues non-m\u00e9dicales \u00e0 Montr\u00e9al, 1920-1923<\/em><\/p>\n<p>Direction :\u00a0<a href=\"\/index.php\/a-propos\/equipe\/membres-reguliers\/martin-petitclerc\/\" target=\"_blank\" rel=\"noopener\">Martin Petitclerc<\/a><\/p>\n<div class=\"su-spoiler su-spoiler-style-default su-spoiler-icon-chevron\" data-scroll-offset=\"0\" data-anchor-in-url=\"no\"><div class=\"su-spoiler-title\" tabindex=\"0\" role=\"button\"><span class=\"su-spoiler-icon\"><\/span>Nouvelles<\/div><div class=\"su-spoiler-content su-u-clearfix su-u-trim\">\n[chrs-related]\n<\/div><\/div>\n","protected":false},"excerpt":{"rendered":"<p>Am\u00e9lie Grenier est candidate au doctorat en histoire \u00e0 l&rsquo;Universit\u00e9 Laval. Elle a compl\u00e9t\u00e9 sa ma\u00eetrise en histoire socio-juridique \u00e0 l\u2019Universit\u00e9 du Qu\u00e9bec \u00e0 Montr\u00e9al en 2019. Dans le cadre&#8230;<\/p>\n","protected":false},"author":2,"featured_media":0,"parent":455,"menu_order":0,"comment_status":"closed","ping_status":"closed","template":"","meta":{"_monsterinsights_skip_tracking":false,"_monsterinsights_sitenote_active":false,"_monsterinsights_sitenote_note":"","_monsterinsights_sitenote_category":0,"footnotes":""},"class_list":["post-689","page","type-page","status-publish","hentry"],"_links":{"self":[{"href":"https:\/\/chrs-test.uqam.ca\/index.php\/wp-json\/wp\/v2\/pages\/689","targetHints":{"allow":["GET"]}}],"collection":[{"href":"https:\/\/chrs-test.uqam.ca\/index.php\/wp-json\/wp\/v2\/pages"}],"about":[{"href":"https:\/\/chrs-test.uqam.ca\/index.php\/wp-json\/wp\/v2\/types\/page"}],"author":[{"embeddable":true,"href":"https:\/\/chrs-test.uqam.ca\/index.php\/wp-json\/wp\/v2\/users\/2"}],"replies":[{"embeddable":true,"href":"https:\/\/chrs-test.uqam.ca\/index.php\/wp-json\/wp\/v2\/comments?post=689"}],"version-history":[{"count":0,"href":"https:\/\/chrs-test.uqam.ca\/index.php\/wp-json\/wp\/v2\/pages\/689\/revisions"}],"up":[{"embeddable":true,"href":"https:\/\/chrs-test.uqam.ca\/index.php\/wp-json\/wp\/v2\/pages\/455"}],"wp:attachment":[{"href":"https:\/\/chrs-test.uqam.ca\/index.php\/wp-json\/wp\/v2\/media?parent=689"}],"curies":[{"name":"wp","href":"https:\/\/api.w.org\/{rel}","templated":true}]}}

Amélie Grenier

<div class="su-row"><div class="su-column su-column-size-1-5"><div class="su-column-inner su-u-clearfix su-u-trim"><img loading="lazy" decoding="async" class="alignleft size-thumbnail wp-image-700" src="https://chrs-test.uqam.ca/wp-content/uploads/2017/11/Amelie_Grenier-1.jpg" alt="" width="150" height="150" /></div></div>
<div class="su-column su-column-size-4-5"><div class="su-column-inner su-u-clearfix su-u-trim">
<strong>Université Laval<br />
Département des sciences historiques</strong></div></div></div>
<p>Amélie Grenier est candidate au doctorat en histoire à l&rsquo;Université Laval. Elle a complété sa maîtrise en histoire socio-juridique à l’Université du Québec à Montréal en 2019. Dans le cadre des ses études supérieures, elle articule ses recherches autour du concept des régulations sociales et porte une attention particulière à la régulation de la criminalité au Québec durant le XXe siècle. Elle s’intéresse principalement aux mesures mises en place au début des années 1920 pour réguler les usagers des drogues non-médicales à Montréal durant cette période.</p>
<p>Titre du mémoire :<em> « L’opium du peuple » : la régulation des consommateurs et des trafiquants de drogues non-médicales à Montréal, 1920-1923</em></p>
<p>Direction : <a href="/index.php/a-propos/equipe/membres-reguliers/martin-petitclerc/" target="_blank" rel="noopener">Martin Petitclerc</a></p>
<div class="su-spoiler su-spoiler-style-default su-spoiler-icon-chevron" data-scroll-offset="0" data-anchor-in-url="no"><div class="su-spoiler-title" tabindex="0" role="button"><span class="su-spoiler-icon"></span>Nouvelles</div><div class="su-spoiler-content su-u-clearfix su-u-trim">
[chrs-related]
</div></div>

<p>Amélie Grenier est candidate au doctorat en histoire à l&rsquo;Université Laval. Elle a complété sa maîtrise en histoire socio-juridique à l’Université du Québec à Montréal en 2019. Dans le cadre&#8230;</p>
